 of 253.
11, 23
List the prime factors of 86.
2, 43
List the prime factors of 22707.
3, 29
What are the prime factors of 51076?
2, 113
List the prime factors of 7312.
2, 457
List the prime factors of 321.
3, 107
List the prime factors of 608.
2, 19
List the prime factors of 69.
3, 23
What are the prime factors of 2641?
19, 139
What are the prime factors of 1267?
7, 181
List the prime factors of 116.
2, 29
What are the prime factors of 37?
37
List the prime factors of 154638.
2, 3, 11, 71
What are the prime factors of 7869?
3, 43, 61
List the prime factors of 2065.
5, 7, 59
What are the prime factors of 115?
5, 23
List the prime factors of 26991.
3, 2999
What are the prime factors of 671?
11, 61
List the prime factors of 5380.
2, 5, 269
List the prime factors of 1655.
5, 331
List the prime factors of 3853.
3853
List the prime factors of 2604.
2, 3, 7, 31
List the prime factors of 731.
17, 43
List the prime factors of 3603.
3, 1201
List the prime factors of 14639.
14639
What are the prime factors of 13536?
2, 3, 47
List the prime factors of 1761.
3, 587
What are the prime factors of 82073?
82073
What are the prime factors of 922?
2, 461
What are the prime factors of 1659?
3, 7, 79
What are the prime factors of 51337?
11, 13, 359
What are the prime factors of 5862?
2, 3, 977
List the prime factors of 9030.
2, 3, 5, 7, 43
What are the prime factors of 20972?
2, 7, 107
List the prime factors of 20167.
7, 43, 67
List the prime factors of 73960.
2, 5, 43
List the prime factors of 5633.
43, 131
List the prime factors of 863.
863
What are the prime factors of 464?
2, 29
List the prime factors of 135950.
2, 5, 2719
What are the prime factors of 1762?
2, 881
What are the prime factors of 14135?
5, 11, 257
List the prime factors of 1505.
5, 7, 43
List the prime factors of 2334.
2, 3, 389
List the prime factors of 36189.
3, 4021
What are the prime factors of 1022?
2, 7, 73
List the prime factors of 4455.
3, 5, 11
What are the prime factors of 18854?
2, 11, 857
What are the prime factors of 203783?
29, 7027
List the prime factors of 106844.
2, 26711
What are the prime factors of 33887?
7, 47, 103
List the prime factors of 45585.
3, 5, 1013
What are the prime factors of 1313?
13, 101
List the prime factors of 47886.
2, 3, 23, 347
What are the prime factors of 9765?
3, 5, 7, 31
What are the prime factors of 32855?
5, 6571
What are the prime factors of 13815?
3, 5, 307
What are the prime factors of 7449?
3, 13, 191
List the prime factors of 2862.
2, 3, 53
List the prime factors of 1252.
2, 313
List the prime factors of 14936.
2, 1867
What are the prime factors of 11545?
5, 2309
List the prime factors of 1239.
3, 7, 59
List the prime factors of 14005.
5, 2801
What are the prime factors of 38198?
2, 71, 269
List the prime factors of 5925.
3, 5, 79
List the prime factors of 3396.
2, 3, 283
List the prime factors of 378.
2, 3, 7
What are the prime factors of 10855?
5, 13, 167
List the prime factors of 202122.
2, 3, 19, 197
List the prime factors of 70153.
31, 73
What are the prime factors of 51478?
2, 7, 3677
What are the prime factors of 762?
2, 3, 127
List the prime factors of 14261.
13, 1097
List the prime factors of 558.
2, 3, 31
What are the prime factors of 19788?
2, 3, 17, 97
List the prime factors of 876.
2, 3, 73
List the prime factors of 1964.
2, 491
List the prime factors of 4441.
4441
List the prime factors of 112505.
5, 22501
What are the prime factors of 22821?
3, 7607
What are the prime factors of 1260?
2, 3, 5, 7
What are the prime factors of 34241?
97, 353
List the prime factors of 1480.
2, 5, 37
What are the prime factors of 3051?
3, 113
List the prime factors of 3915.
3, 5, 29
List the prime factors of 15950.
2, 5, 11, 29
What are the prime factors of 3742?
2, 1871
List the prime factors of 41365.
5, 8273
What are the prime factors of 5627?
17, 331
What are the prime factors of 11428?
2, 2857
List the prime factors of 24862.
2, 31, 401
What are the prime factors of 5208?
2, 3, 7, 31
What are the prime factors of 21910?
2, 5, 7, 313
List the prime factors of 6081.
3, 2027
List the prime factors of 2493.
3, 277
What are the prime factors of 395?
5, 79
What are the prime factors of 8452?
2, 2113
What are the prime factors of 801?
3, 89
List the prime factors of 3516.
2, 3, 293
List the prime factors of 136.
2, 17
List the prime factors of 74193.
3, 7, 3533
List the prime factors of 5782.
2, 7, 59
What are the prime factors of 123?
3, 41
List the prime factors of 12568.
2, 1571
List the prime factors of 33942.
2, 3, 5657
What are the prime factors of 3573?
3, 397
What are the prime factors of 8139?
3, 2713
List the prime factors of 290.
2, 5, 29
List the prime factors of 31913.
7, 47, 97
List the prime factors of 4483.
4483
What are the prime factors of 386?
2, 193
What are the prime factors of 70083?
3, 13, 599
What are the prime factors of 3753?
3, 139
What are the prime factors of 64036?
2, 7, 2287
What are the prime factors of 5471?
5471
List the prime factors of 1081.
23, 47
What are the prime factors of 14914?
2, 7457
What are the prime factors of 109837?
7, 13, 17, 71
List the prime factors of 11758.
2, 5879
List the prime factors of 12781.
12781
What are the prime factors of 7339?
41, 179
List the prime factors of 2489.
19, 131
What are the prime factors of 1210?
2, 5, 11
What are the prime factors of 1549?
1549
What are the prime factors of 12527?
12527
List the prime factors of 34421.
34421
List the prime factors of 2851.
2851
What are the prime factors of 1976?
2, 13, 19
List the prime factors of 1452.
2, 3, 11
What are the prime factors of 6176?
2, 193
List the prime factors of 869.
11, 79
List the prime factors of 24157.
7, 17, 29
List the prime factors of 1765.
5, 353
What are the prime factors of 21087?
3, 11, 71
List the prime factors of 3646.
2, 1823
What are the prime factors of 8587?
31, 277
List the prime factors of 17914.
2, 13, 53
What are the prime factors of 518?
2, 7, 37
List the prime factors of 360.
2, 3, 5
What are the prime factors of 6910?
2, 5, 691
What are the prime factors of 874?
2, 19, 23
What are the prime factors of 13953?
3, 4651
What are the prime factors of 540?
2, 3, 5
List the prime factors of 625.
5
What are the prime factors of 36380?
2, 5, 17, 107
List the prime factors of 3607.
3607
What are the prime factors of 246?
2, 3, 41
What are the prime factors of 1037?
17, 61
List the prime factors of 4205.
5, 29
What are the prime factors of 578?
2, 17
List the prime factors of 17879.
19, 941
What are the prime factors of 22409?
22409
What are the prime factors of 2637?
3, 293
What are the prime factors of 60484?
2, 15121
List the prime factors of 5601.
3, 1867
List the prime factors of 47401.
107, 443
List the prime factors of 62378.
2, 31189
List the prime factors of 7096.
2, 887
List the prime factors of 18160.
2, 5, 227
What are the prime factors of 46670?
2, 5, 13, 359
List the prime factors of 338.
2, 13
What are the prime factors of 5242?
2, 2621
List the prime factors of 11190.
2, 3, 5, 373
What are the prime factors of 107131?
149, 719
List the prime factors of 1880.
2, 5, 47
What are the prime factors of 228?
2, 3, 19
List the prime factors of 78557.
17, 4621
What are the prime factors of 16211?
13, 29, 43
List the prime factors of 185.
5, 37
List the prime factors of 14869.
14869
What are the prime factors of 7563?
3, 2521
List the prime factors of 41.
41
List the prime factors of 86797.
29, 41, 73
List the prime factors of 1905.
3, 5, 127
What are the prime factors of 22902?
2, 3, 11, 347
What are the prime factors of 3396?
2, 3, 283
What are the prime factors of 4037?
11, 367
List the prime factors of 2323.
23, 101
List the prime factors of 48707.
53, 919
List the prime factors of 173.
173
What are the prime factors of 4813?
4813
List the prime factors of 7979.
79, 101
What are the prime factors of 370?
2, 5, 37
What are the prime factors of 798?
2, 3, 7, 19
List the prime factors of 56588.
2, 7, 43, 47
List the prime factors of 81684.
2, 3, 2269
List the prime factors of 52829.
7, 7547
List the prime factors of 1000.
2, 5
List the prime factors of 675.
3, 5
What are the prime factors of 43052?
2, 47, 229
List the prime factors of 1145.
5, 229
What are the prime factors of 19459?
11, 29, 61
Wh